2*v + 84 = 0. What is the greatest common divisor of c and 10?
10
Let f(i) = 2*i**2 - 7*i + 14. Let z be f(3). What is the highest common divisor of 11 and z?
11
Suppose -4*a - 1 = -9. Suppose -2*n = a*n + 4, 0 = -5*w - 5*n + 20. Suppose -123 = -4*t + 97. What is the highest common divisor of t and w?
5
Let o(n) = n**3 - 7*n**2 - 7*n + 4. Let u be o(8). Let s be 6*(-3)/u*-6. Calculate the highest common factor of s and 18.
9
Suppose -3*w + 108 = -0*w. Suppose -2*i = -13 - 5. Calculate the greatest common factor of w and i.
9
Let b = 110 - 40. Let o(p) = -p**2 + 23*p + 14. Let f be o(23). Calculate the greatest common divisor of b and f.
14
Let q = -56 + 176. Calculate the highest common divisor of 15 and q.
15
Suppose 4*h - 4*z - 3 - 1 = 0, 4*z = 0. What is the greatest common divisor of h and 3?
1
Suppose 0*v + 2*v + 4*h - 24 = 0, 2*v - 5*h - 69 = 0. Calculate the greatest common divisor of 44 and v.
22
Let y(t) be the first derivative of t**3 - t**2 - 2*t - 5. Let p be y(2). Let k be 2/4 + (-10)/(-4). What is the greatest common factor of p and k?
3
Let p(w) be the second derivative of 1/12*w**4 + 2*w**2 + 0 - 2/3*w**3 + 2*w. Let l be p(4). What is the greatest common divisor of 36 and l?
4
Suppose 208 = 2*m - 2*z, -2*z + 7*z = -3*m + 344. Calculate the highest common divisor of 12 and m.
12
Let y(g) = g**3 - 8*g**2 - 7*g + 12. Let t be y(9). What is the greatest common factor of 12 and t?
6
Suppose -2*o - 2*o + 5*s = -33, -5*s + 75 = 5*o. Let f be ((-2)/(-4))/(3/108). Let y be 3/(f/16)*18. Calculate the greatest common factor of y and o.
12
Let r = 2 + 1. Suppose r*q + 2*q = 80. What is the highest common factor of 4 and q?
4
Let c(z) = -z + 26. Let b be c(11). Calculate the greatest common factor of 5 and b.
5
Let g = 71 + -69. What is the greatest common divisor of g and 2?
2
Let t be -2*(-1 + 2)/2. Let a(f) = -f + 23*f**3 - 72*f**3 - 5*f + 5*f. Let o be a(t). Calculate the highest common divisor of o and 10.
10
Suppose t = 5*t - 4. Let a(m) = -5*m - 1. Let n be a(t). Let y be 6/9 - 8/n. Calculate the greatest common factor of y and 16.
2
Let t = -2 + 16. Suppose -7 = h - t. What is the highest common factor of h and 28?
7
Let u be 1768/14 - (-2)/(-7). What is the highest common factor of 18 and u?
18
Let y = 16 - 26. Let a(b) = b**3 + 12*b**2 + 11*b + 14. Let t be a(y). What is the highest common factor of t and 13?
13
Let y be (-194)/(-2) + 2/2. Let k(s) = -4*s**3 + 4*s**2 + 3*s + 1. Let v be k(-2). Let z = -29 + v. What is the highest common divisor of z and y?
14
Let h be -4*(13/4 - 2). Let d(m) = -4*m**2 - 7*m + 0 + 3*m**2 + 1. Let n be d(h). Calculate the highest common factor of n and 88.
11
Suppose 4*p + t - 57 = 2*p, 2*p + 3*t - 59 = 0. Let o be 24/14 - (-8)/p. Calculate the highest common divisor of 1 and o.
1
Let b(n) be the second derivative of -7*n**5/20 - n**4/6 + n**2/2 + 4*n. Suppose 4*p + 4 = -4. Let q be b(p). What is the highest common factor of 7 and q?
7
Let n(f) = f**3 + f**2 + 2*f. Let b be n(3). Suppose b = 2*p + p. What is the highest common factor of p and 2?
2
Suppose -3*y + 5*o = 16, 3*o - 35 = -5*y - o. Let h = 9 - 0. Calculate the greatest common divisor of h and y.
3
Let v = 56 + -45. What is the greatest common factor of v and 1?
1
Suppose -h + 1170 = 8*h. Calculate the highest common factor of 26 and h.
26
Let w = -44 + 66. Calculate the greatest common divisor of w and 33.
11
Suppose 30 = s + 2*s. What is the greatest common factor of s and 50?
10
Let d(g) = -g**2 - 4*g + 6. Let x be d(-6). Let q(o) = -o**2 - 10*o - 12. Let f be q(x). Let u be (8/6)/(1/3). What is the greatest common factor of f and u?
4
Let z = 164 + -302. Suppose 0 = 3*q - 5*y - 603, 0 = y - 0*y. Let i = z + q. Calculate the highest common divisor of i and 7.
7
Let s = 65 + 52. Let z be 13 - (0 - 0)/5. What is the highest common factor of z and s?
13
Let a be 4 + (-4 - -4) - 0. Suppose 3*y = -n + 64 + 20, 5*y - 322 = -a*n. Calculate the highest common factor of n and 52.
26
Suppose 3*l - 10 = -4. Suppose -7 = i - 2*i - l*k, -2*k = 3*i - 37. Calculate the greatest common factor of 3 and i.
3
Let f(r) = -r**3 + 9*r**2 - 4*r - 10. Let t = -2 - -10. Let j be f(t). Calculate the greatest common divisor of j and 242.
22
Suppose -3*g + 18 = -3*j, g - 4*j + 6 = 3*g. What is the greatest common divisor of 5 and g?
5
Let r(d) = -10*d - 1. Let n be r(-1). Let t = 79 - 43. Calculate the greatest common factor of n and t.
9
Let k = 48 - 6. Suppose -4*v + 55 = -1. What is the greatest common factor of v and k?
14
Suppose -4*l + 12 = 0, -7*v = -4*v - l - 9. Suppose v*j - 78 = -2. Calculate the highest common divisor of j and 171.
19
Let r = -111 - -331. Calculate the greatest common factor of 20 and r.
20
Let j = 48 + -21. Suppose 0 = -0*g - 3*g + j. What is the greatest common factor of 36 and g?
9
Let m be (2/(-6))/(3/9). Let x be (-10 - 1*-2)/m. Suppose 2*n + x = 3*n. Calculate the greatest common factor of 1 and n.
1
Suppose -4*r + 2*t - 7*t + 30 = 0, 0 = -3*t + 6. Suppose 2*f + 10 = c + c, f - r*c + 17 = 0. Let j = f + 8. Calculate the highest common factor of 6 and j.
6
Let t(f) be the first derivative of 8*f**3 + 3*f**2/2 - 2*f + 8. Let s be t(2). What is the greatest common factor of 20 and s?
20
Let g be (-2)/(-5) - 362/5. Let r be (2/4)/((-6)/g). Calculate the greatest common divisor of r and 18.
6
Suppose -5*f + w + 54 = 0, 6*f = 2*f + w + 43. What is the highest common factor of f and 88?
11
Suppose 5*b + 6*b = 1210. What is the highest common factor of 10 and b?
10
Let l(t) = -3*t - 1. Let o be l(-1). Suppose -4*z = -o*z - 8. Suppose -s + 30 = z*s. Calculate the highest common divisor of s and 2.
2
Let a = -75 + 43. Let i = 3 + a. Let x = i - -61. What is the greatest common factor of x and 48?
16
Let d be 10/65*-1 + (-119)/(-13). Let k = -53 - -32. Let n = k - -39. Calculate the greatest common divisor of n and d.
9
Let u(c) = 2*c + 3. Let i be u(2). Calculate the highest common factor of 77 and i.
7
Let f(w) = w**2 - 2*w - 15. Let g be f(7). Calculate the greatest common factor of 5 and g.
5
Suppose r - 18 = 2. Let i(l) = -l**3 - 3*l**2 + 2*l. Let a = -6 + 2. Let c be i(a). Calculate the highest common divisor of c and r.
4
Let g = -12 + 12. Suppose -8*d + 9*d - 7 = g. What is the greatest common factor of d and 28?
7
Let m = 4 + 5. Let f(n) = -n - 1. Let b be f(-3). Suppose -3*a + 135 = b*a. Calculate the highest common divisor of m and a.
9
Let m = 335 - 195. Let h(t) = -14*t. Suppose 4 = 5*z - 4*d - 7, 0 = -5*d - 20. Let l be h(z). Calculate the greatest common divisor of l and m.
14
Suppose -32*w + 27*w = -840. Calculate the greatest common factor of 8 and w.
8
Suppose -632 = -5*b + 768. What is the greatest common factor of b and 14?
14
Suppose -5*b = -644 - 156. Let s(r) = r - 3. Let h be s(6). Suppose 3*u - h = 0, 0*k - u = k - 21. What is the highest common divisor of b and k?
20
Let x be (2 + -3)/((-4)/(-28)). Let a(l) = -3*l - 8. Let h be a(x). Calculate the highest common factor of h and 39.
13
Suppose 2*n + 261 = 5*n - w, n - 4*w - 76 = 0. What is the highest common divisor of n and 11?
11
Let n = -3 + 7. Let o(x) = x**2 + 11*x + 20. Let t be o(-9). Calculate the greatest common divisor of n and t.
2
Suppose 4*g - 108 = 376. Let l be 442/39 - (-1)/(-3). Calculate the greatest common divisor of g and l.
11
Suppose -2*q + 10 = 0, -5*j + 0*q = -q - 355. Calculate the greatest common factor of 27 and j.
9
Let a be (1/((-1)/6))/(-2). Suppose 3*o + a*d = 36, -o + 16 = -0*o - 3*d. Let r be (-26*6/30)/(1/(-10)). What is the greatest common factor of o and r?
13
Let z = -192 - -272. Let o = 21 - 13. What is the greatest common divisor of z and o?
8
Let b(y) = 3*y**3 + y**2 - 3*y + 4. Let d be b(2). What is the highest common divisor of 13 and d?
13
Suppose -36 = -2*x + 2*s - 6*s, -4*s + 12 = 0. What is the highest common divisor of 108 and x?
12
Let p = 8 - -6. Suppose -56 + 11 = -5*w. Let b be (12/w)/((-4)/(-378)). What is the highest common divisor of b and p?
14
Let i(g) = -5*g + 17. Let a be i(-19). Calculate the greatest common divisor of 14 and a.
14
Suppose 5*x = 2*u + 84, x = 3*x - 3*u - 38. Calculate the greatest common factor of x and 80.
16
Suppose 0 = 5*l - 0*l. Suppose -2*p + p - 41 = -4*w, l = -w + 4*p - 1. What is